{"id":153,"date":"2017-01-24T15:42:04","date_gmt":"2017-01-24T15:42:04","guid":{"rendered":"http:\/\/demo.axlethemes.com\/business-club-pro\/?page_id=9"},"modified":"2024-12-16T13:20:56","modified_gmt":"2024-12-16T12:20:56","slug":"our-services","status":"publish","type":"page","link":"https:\/\/assistaulps.fr\/index.php\/our-services\/","title":{"rendered":"Mes prestations"},"content":{"rendered":"\n<p class=\"has-text-align-right\">Liste non exhaustive<\/p>\n\n\n<h4 style=\"text-align: center;\"><strong>SECR\u00c9TARIAT ADMINISTRATIF\u00a0<\/strong><\/h4>\n<p>Courrier (r\u00e9daction et mise en forme)<\/p>\n<p>Commande (gestion des achats et commandes clients)<\/p>\n<p>Organisation \u00e9v\u00e9nementielle<\/p>\n<p>Gestion d\u2019agenda (d\u00e9placements)<\/p>\n<p>Accueil physique et t\u00e9l\u00e9phonique<\/p>\n<p>Gestion de boite mail et arborescence informatique<\/p>\n<p>\u00c9laboration de tableaux (Excel)<\/p>\n<p>Classement et archivages (papier et num\u00e9rique)<\/p>\n<p>Dossier qualit\u00e9 (qualification RGE)<\/p>\n<h4 style=\"text-align: center;\"><strong>FACTURATION\u00a0<\/strong><\/h4>\n<p>Facturation clients<\/p>\n<p>Suivi des r\u00e8glements fournisseurs<\/p>\n<p>Rapprochement bancaire<\/p>\n<p>Pr\u00e9paration des documents pour la TVA<\/p>\n<p>Particularit\u00e9s Chorus Pro<\/p>\n<h4 style=\"text-align: center;\"><strong>SOCIAL<\/strong><\/h4>\n<p>DPAE et autres formalit\u00e9s (ex\u00a0: carte BTP, AST74)<\/p>\n<p>Pr\u00e9paration des \u00e9l\u00e9ments variables de paye<\/p>\n<p>Mise \u00e0 jour des registres<\/p>\n<p>Tableau de bord\u00a0: suivi des heures<\/p>\n<p>Particularit\u00e9s caisse des cong\u00e9s BTP<\/p>\n<h4 style=\"text-align: center;\"><strong>ASSISTANCE COMMERCIALE\u00a0<\/strong><\/h4>\n\n\n<p><\/p>\n\n\n\n<p>Devis<\/p>\n\n\n\n<p>Appels\nd\u2019Offres (voie d\u00e9mat\u00e9rialis\u00e9e)<\/p>\n\n\n\n<p>Relances et\nr\u00e9clamations<\/p>\n","protected":false},"excerpt":{"rendered":"<p>Liste non exhaustive SECR\u00c9TARIAT ADMINISTRATIF\u00a0 Courrier (r\u00e9daction et mise en forme) Commande (gestion des achats et commandes clients) Organisation \u00e9v\u00e9nementielle Gestion d\u2019agenda (d\u00e9placements) Accueil physique et t\u00e9l\u00e9phonique Gestion de boite mail et arborescence informatique \u00c9laboration de tableaux (Excel) Classement et archivages (papier et num\u00e9rique) Dossier qualit\u00e9 (qualification RGE) FACTURATION\u00a0 Facturation&hellip;<\/p>\n","protected":false},"author":1,"featured_media":0,"parent":0,"menu_order":0,"comment_status":"closed","ping_status":"closed","template":"","meta":{"footnotes":""},"class_list":["post-153","page","type-page","status-publish","hentry"],"_links":{"self":[{"href":"https:\/\/assistaulps.fr\/index.php\/wp-json\/wp\/v2\/pages\/153","targetHints":{"allow":["GET"]}}],"collection":[{"href":"https:\/\/assistaulps.fr\/index.php\/wp-json\/wp\/v2\/pages"}],"about":[{"href":"https:\/\/assistaulps.fr\/index.php\/wp-json\/wp\/v2\/types\/page"}],"author":[{"embeddable":true,"href":"https:\/\/assistaulps.fr\/index.php\/wp-json\/wp\/v2\/users\/1"}],"replies":[{"embeddable":true,"href":"https:\/\/assistaulps.fr\/index.php\/wp-json\/wp\/v2\/comments?post=153"}],"version-history":[{"count":7,"href":"https:\/\/assistaulps.fr\/index.php\/wp-json\/wp\/v2\/pages\/153\/revisions"}],"predecessor-version":[{"id":363,"href":"https:\/\/assistaulps.fr\/index.php\/wp-json\/wp\/v2\/pages\/153\/revisions\/363"}],"wp:attachment":[{"href":"https:\/\/assistaulps.fr\/index.php\/wp-json\/wp\/v2\/media?parent=153"}],"curies":[{"name":"wp","href":"https:\/\/api.w.org\/{rel}","templated":true}]}}